{"id":39,"date":"2013-02-10T19:35:45","date_gmt":"2013-02-10T17:35:45","guid":{"rendered":"http:\/\/chriskeys.square7.ch\/?page_id=39"},"modified":"2015-05-27T12:44:14","modified_gmt":"2015-05-27T10:44:14","slug":"chris-keys","status":"publish","type":"page","link":"http:\/\/chriskeys.net\/","title":{"rendered":"Chris Keys"},"content":{"rendered":"<p>Herzlich willkommen auf meiner Webseite.<\/p>\n<p>Ich bin Pianist und Keyboarder mit Schwerpunkt Gospel, Soul, RnB, Pop und Jazz. Haupts\u00e4chlich spiele ich f\u00fcr Bands und Ch\u00f6re. Auch wenn Sie einen Solo Pianisten im Background \u00a0ben\u00f6tigen (z.B. f\u00fcr Privatfeiern, Business-Meetings etc., ggf. mit Gasts\u00e4nger), sind Sie bei mir richtig. Auf den folgenden Seiten erfahren Sie mehr.<\/p>\n","protected":false},"excerpt":{"rendered":"<p>Herzlich willkommen auf meiner Webseite. Ich bin Pianist und Keyboarder mit Schwerpunkt Gospel, Soul, RnB, Pop und Jazz. Haupts\u00e4chlich spiele ich f\u00fcr Bands und Ch\u00f6re. Auch wenn Sie einen Solo Pianisten im Background \u00a0ben\u00f6tigen (z.B. f\u00fcr Privatfeiern, Business-Meetings etc., ggf. mit Gasts\u00e4nger), sind Sie bei mir richtig. Auf den folgenden Seiten erfahren Sie mehr.<\/p>\n","protected":false},"author":1,"featured_media":0,"parent":0,"menu_order":1,"comment_status":"closed","ping_status":"closed","template":"","meta":[],"_links":{"self":[{"href":"http:\/\/chriskeys.net\/index.php?rest_route=\/wp\/v2\/pages\/39"}],"collection":[{"href":"http:\/\/chriskeys.net\/index.php?rest_route=\/wp\/v2\/pages"}],"about":[{"href":"http:\/\/chriskeys.net\/index.php?rest_route=\/wp\/v2\/types\/page"}],"author":[{"embeddable":true,"href":"http:\/\/chriskeys.net\/index.php?rest_route=\/wp\/v2\/users\/1"}],"replies":[{"embeddable":true,"href":"http:\/\/chriskeys.net\/index.php?rest_route=%2Fwp%2Fv2%2Fcomments&post=39"}],"version-history":[{"count":2,"href":"http:\/\/chriskeys.net\/index.php?rest_route=\/wp\/v2\/pages\/39\/revisions"}],"predecessor-version":[{"id":62,"href":"http:\/\/chriskeys.net\/index.php?rest_route=\/wp\/v2\/pages\/39\/revisions\/62"}],"wp:attachment":[{"href":"http:\/\/chriskeys.net\/index.php?rest_route=%2Fwp%2Fv2%2Fmedia&parent=39"}],"curies":[{"name":"wp","href":"https:\/\/api.w.org\/{rel}","templated":true}]}}